it of c/(-15) + (-116)/(-10)?
1
Let q be ((-2)/4)/(3/6). Let r be q - 1*(-1)/(-1). Let o(i) = -i**3 + 3*i + 1. What is the units digit of o(r)?
3
Let o = 193 - -11. What is the hundreds digit of o?
2
Let v = -3 - -5. What is the units digit of (v/(-4))/((-5)/80)?
8
Let r(p) = -p**2 - 6*p + 9. Let u be r(-7). Suppose 6*a - u*a = -5*c + 45, -3*c - 5*a + 40 = 0. What is the units digit of c?
5
Let q(j) = 2*j**3 - 3*j**2 + 3*j - 2. Let k be q(2). Let g = k + -5. What is the tens digit of (-1)/((-64)/(-22) - g)?
1
Let h(n) = -82*n - 1. What is the units digit of h(-2)?
3
Let f = 16 + -11. Suppose -2*h = 4*t - 0*t - 22, -5*h - 50 = -f*t. What is the units digit of t?
7
Suppose -108 = 16*u - 476. What is the units digit of u?
3
Let l(u) = -u - 9. Let w be l(8). Let n = 6 - 16. Let r = n - w. What is the units digit of r?
7
What is the units digit of 183/(-4)*88/(-33)?
2
Let m(d) = d**2 - 7*d + 3. Let z = 39 + -15. Suppose 0 = -0*o - 3*o + z. What is the tens digit of m(o)?
1
Let q = 23 - -4. What is the tens digit of q?
2
Let c be 0*(-1)/2 - -3. Suppose -v + 2 = -c*t - 12, v = 2. What is the tens digit of -18*(t - 9/(-3))?
1
Suppose -4*p + 18 = k, -k + p + 0 - 2 = 0. Suppose 4*m - 3*f - 37 = 0, -2*m = k*m - 4*f - 36. What is the units digit of m?
0
Suppose -6*f = -f. Suppose 3*s = -f*s + 117. What is the tens digit of s?
3
Let f = 35 + -10. Let v = f + -10. What is the tens digit of v?
1
Let w = -15 - -17. Suppose w*u - 12 = -2. What is the units digit of u?
5
Let i(u) = -u**3 + 5*u**2 - 2*u - 3. Let j be i(4). Suppose -9 + 34 = j*y. What is the units digit of y?
5
What is the tens digit of 1*(-1 + 32/2)?
1
Let a = 52 - 32. Let u = -3 + 23. Suppose -5*m + u = -a. What is the units digit of m?
8
Let c(f) = f**2 + 7*f + 8. Let s = -5 - 1. What is the units digit of c(s)?
2
Suppose o + 3*o - 24 = 0. What is the tens digit of -4*o/(-4)*6?
3
Let x(t) = 2*t. Let f be x(1). What is the units digit of -1*(f + (-2 - 3))?
3
Suppose -3*c + 4*c + 5*s - 33 = 0, -90 = -4*c + s. What is the units digit of c?
3
Suppose -4*f + 6*f - 100 = 0. Suppose -4*n + 5*j + 11 = 0, 3*n + 2*n - f = -j. What is the units digit of n?
9
Suppose -3*h + 16 = 4. Suppose h*c = -2*m + 14, 5*m - 46 = -4*c - 17. Suppose m*i + 3 - 13 = 0. What is the units digit of i?
2
Let q = -3 + 7. Suppose -q*y + 54 = 14. Suppose 0 = -0*b + b + 5*i + y, b - 8 = i. What is the units digit of b?
5
Suppose -n - 15 = -43. Suppose -5*m = -4*f - 36, -4 = m - 0*m + 2*f. Suppose m + n = 2*j. What is the units digit of j?
6
What is the units digit of (-15)/5*2/3 + 74?
2
Suppose 0 = -b + 2*b - 17. What is the tens digit of b?
1
Let f = 6 + -6. Suppose 20 = 5*q - f*q. What is the units digit of q?
4
Suppose 53 = j - 5*n, -j - n = 2*j - 143. What is the units digit of j?
8
What is the units digit of -1*(1 - 3 - 1)?
3
Let z be (-1)/(3/(-9)*1). Suppose -4*j = 4*d + j - 108, z*j - 12 = 0. What is the units digit of d?
2
Suppose 5 = 4*z - 3*m, 0 = -2*z - 3*m - 0 + 7. Let k(b) = -b**3 - z + 1 + 6*b**2 + 3 + 5*b + 2*b. What is the units digit of k(7)?
2
Let w be (-12)/(-9)*(-3)/(-2). Suppose -w*m + 14 = -0*m - 3*g, 4*m - 38 = g. Let p = m - 3. What is the units digit of p?
7
Let k = 0 + -2. Let x be (k/3)/((-6)/387). Suppose -2*p + 9 = 2*j - 3*p, -4*j = 3*p - x. What is the units digit of j?
7
Let o(y) = y + 11. Suppose -2*p - 4*a + 2*a = 22, 2*p + 2 = 3*a. What is the units digit of o(p)?
4
Suppose -27 = -5*w - 3*y, 4*y - 8*y + 7 = -3*w. Suppose h - w*h = -12. What is the units digit of h?
6
Suppose 3*b = -c + 8, 0*c = b + 4*c - 10. Let d = 1 - b. Let j = d - -4. What is the units digit of j?
3
Suppose -21 + 0 = -3*s. Let p(x) = 2*x**2 - 9*x + 7. What is the tens digit of p(s)?
4
Suppose 5*j = 3*j + 268. What is the tens digit of j?
3
Let i(k) = -k**3 - 3*k**2 + 5*k + 8. Let y be i(-4). Suppose -2 = 4*j - 34. Suppose j = 4*r - y. What is the units digit of r?
3
Suppose -3*v - 11 = -4*g, -4*g + 0*g + 4*v + 16 = 0. What is the tens digit of 0 + (-14)/(-1) + g?
1
Let c(o) = o - o**2 + 91 - 2*o + 2*o**2 - 84. What is the tens digit of c(4)?
1
Let z = -5 - -5. Suppose z = d - 0*d - 5, p + 13 = 2*d. What is the units digit of p + (4 - 2 - -5)?
4
Let y = 164 - -45. What is the units digit of y?
9
Suppose -2*u - 271 = -5*v, -4*v - 4*u = -108 - 92. What is the tens digit of v?
5
Let t be (-81)/(-12) + 1/4. Let l = -6 + t. What is the units digit of l?
1
Let z(w) = 12*w - 2. Let d be 36/24*4/3. What is the units digit of z(d)?
2
Suppose 100 + 42 = z + 4*k, 142 = z + k. What is the hundreds digit of z?
1
Suppose -k + 2 = 3. Let y be 2/1*(k + 3). Suppose -c + 4*c + h = y, -c + 8 = -3*h. What is the units digit of c?
2
Let z = 10 - 5. Let x(v) = v**3 - 4*v**2 - v - 5. What is the units digit of x(z)?
5
Let b be -4 + -3 + (9 - 0). Let g = b + 0. What is the units digit of g?
2
Suppose -3*v - g - g + 14 = 0, v + 4*g - 18 = 0. Let l be v/(-4)*(-24)/2. What is the units digit of 22/(-3)*l/(-4)?
1
Let z(o) = -o**2 - 7*o + 5. Suppose -4*j + 4 = -2*j. Suppose -j*r = -0*r + 14. What is the units digit of z(r)?
5
Let v(t) = 4*t - 3 - 2*t**2 - 2*t**2 + 5*t**2. Let s be v(2). Let c = -1 + s. What is the units digit of c?
8
Suppose 4*d - 8 = 4*m, 4*m + 2 + 12 = 5*d. What is the units digit of d?
6
Let q = 7 - -1. Let u = 16 + -11. Let m = q - u. What is the units digit of m?
3
Let j = 5 - -1. Let v be -4 + (-2)/j*0. What is the units digit of (1 - v) + 6/3?
7
Let o(d) = d**3 + 8*d**2 + 6*d - 2. Let j be o(-7). Suppose -4*r + 4 = m - 4, 0 = j*m - r - 61. What is the units digit of m?
2
Let u(c) = c**3 + 21*c**2 - 7*c - 5. What is the hundreds digit of u(-21)?
1
Suppose -4*v + 14 = 3*g - 171, -v - 5*g = -59. What is the tens digit of v?
4
Let p(f) = -f**2 + f + 2. Let g be p(2). Suppose 4*m = j + 11 - 4, g = -5*m + 10. What is the units digit of j?
1
Suppose -3*k = 5*f - 373, -2*k + 119 = -k - f. Suppose -29 = -5*v + k. Suppose 7*s - 2*s = v. What is the units digit of s?
6
Let j(z) = -2*z + 7. Let m(r) = -3*r + 13. Let w(u) = -5*j(u) + 3*m(u). What is the units digit of w(0)?
4
Let j(m) = m**3 + 10*m**2 + 6*m - 4. What is the hundreds digit of j(-6)?
1
Let b(j) = 36*j**2 + j - 1. What is the tens digit of b(1)?
3
Let j be 4/(-10) - 267/(-5). Suppose v = -2*v + b + j, -5*b = -2*v + 31. What is the units digit of v?
8
Let u(x) = -x**2 + 4*x + 1. Let p be -2 + (-2)/(6/(-15)). What is the units digit of u(p)?
4
Suppose -4*z = -1 - 75. What is the units digit of z?
9
Let m = 8 - 7. What is the tens digit of ((-2)/(-4))/(m/34)?
1
Let p = 3 + -1. Suppose -p*u + 2*a = -18, 4*a + 13 = -2*u + 1. Suppose -5 = -5*h + 2*d, -3*d - 27 = -u*h - 6*d. What is the units digit of h?
3
Suppose -62*n - 720 = -67*n. What is the hundreds digit of n?
1
Let q = -45 - -56. What is the units digit of q?
1
Suppose 2*i + 2*i = 4*s - 176, 3*i = 4*s - 173. What is the tens digit of s?
4
Suppose -2*k = -6*k + 40. Let s = k + -5. Suppose 4*a - 36 = -4*j, a = 5*j - 4 - s. What is the units digit of a?
6
Suppose -4*l + 125 = -167. What is the tens digit of l?
7
Let n(r) = 7 + 6 + 2*r - 9 - 7*r. What is the tens digit of n(-2)?
1
Let b = -58 + 97. What is the tens digit of b?
3
Suppose -2 = -m + 9. Suppose m = 3*b - 16. Suppose b = 4*g - 23. What is the units digit of g?
8
Suppose n + 3*n + 16 = 0. Let v = n + 7. Suppose 2*g + v*b = 18, g - b + 5 = b. What is the units digit of g?
3
Suppose -5*b = 0, 2*q - 5*b + 0*b - 82 = 0. What is the tens digit of q?
4
Let x = 5 - 2. Let w(d) = d - 3*d - 2*d - x. What is the units digit of w(-2)?
5
Let b = 105 + -82. What is the tens digit of b?
2
Let f(o) = o**3 + 2*o**2 + 3*o. Let j be f(-2). Suppose a = 4 - 6. What is the tens digit of 58/6 + a/j?
1
Let x be (-7)/(-3) - (-6)/9. Suppose -28 + 163 = x*u. What is the tens digit of u?
4
Suppose 0 = -5*h + h + 8. Suppose -21 - 27 = -h*a. What is the units digit of a?
4
Suppose -4*v + 109 + 187 = 0. Let s = v - 25. What is the tens digit of s?
4
Suppose -x + 10*x = 81. What is the units digit of x?
9
Suppose 5*q + 5*h = -12 + 2, 4*q + h + 11 = 0. Let g(v) be the first derivative of -v**2/2 + 1. What is the units digit of g(q)?
3
Let y be 4/(-5) + 12/(-10). What is the tens digit of (3/y)/(9/(-84))?
1
Let l(k) = k + 4. Let m(f) = f**3 - 10*f**2 + f - 13. Let d be -10*2/12*-6. Let x be m(d). Wh